 be 24/c + 26/2. Let y be p - (-3 - (-2)/1). Calculate the highest common divisor of 8 and y.
2
Let t(b) = b + 1. Let m be t(3). Suppose -2*n = -m*n + 256. Suppose 33 + 47 = 5*r. What is the highest common factor of n and r?
16
Suppose -556*x - 1070 = -5*p - 554*x, 4*p - 838 = -2*x. What is the highest common divisor of 40 and p?
4
Let i = 897 + -652. Calculate the greatest common divisor of i and 805.
35
Suppose 10*m - 722 - 968 = 0. Let v = m - 405. Let h = -149 - v. Calculate the highest common factor of h and 29.
29
Let f = -349 + 480. Let t = f - -61. Calculate the greatest common divisor of t and 12.
12
Let d = 41 - 24. Suppose 5*o + 352 = 3*c, -721 + 242 = -4*c - 3*o. What is the greatest common factor of d and c?
17
Suppose i + 57 = 2*d - 96, -390 = -5*d + 4*i. Let o = d + -41. What is the greatest common divisor of 264 and o?
33
Let x = -3229 + 25366. What is the greatest common divisor of x and 141?
141
Let n be ((-1)/24)/(4/(-12))*8. Let f be 16 - (2/(-7))/(n/7). Calculate the highest common divisor of f and 78.
6
Let t = 6287 + -5997. Calculate the highest common divisor of t and 25.
5
Suppose 4*v = 5*t + 30, -t + 5*v - 31 = 2*t. Let l be t/3 - 20/(-12). Suppose o + 11 + 9 = 5*c, -20 = -5*c - o. What is the greatest common factor of c and l?
1
Suppose 3127 = -5*d + 4*j, -7*j - 631 = d - 5*j. Let k = -613 - d. Calculate the greatest common factor of 2 and k.
2
Let f = 2484 - 2172. What is the highest common factor of 520 and f?
104
Suppose 932*z - 929*z + b - 17 = 0, -3*z + 5*b - 13 = 0. What is the highest common divisor of 4 and z?
4
Let h be (-330)/(-40)*(-16)/(-3). Let f be 105/9 + (-6)/9. Let r(x) = 2*x. Let y be r(f). Calculate the greatest common divisor of y and h.
22
Let b(k) be the third derivative of 11*k**5/60 + k**4/12 - k**3/6 + 33*k**2. Let l be b(1). Let o = 290 - 194. What is the highest common divisor of l and o?
12
Suppose 3*m - 245 = 121. Let o = -14 + m. Let q = -21 + 33. Calculate the highest common divisor of o and q.
12
Suppose 0*s - 8 = -s. Let q be 1*(1 + 1) - (-22 - -19). Suppose 0 = q*k - 4*z - 136, 5*z - 45 = -5*k + 55. Calculate the greatest common factor of k and s.
8
Suppose 1006 = 7*y + 880. Suppose 3*s + 17 - 23 = 0. Calculate the highest common factor of y and s.
2
Let x = -3486 - -3524. Suppose 0 = r + 4*k - 18, 0 = 5*r - 3*r - 4*k - 96. Let p be 5*4/5*r. Calculate the highest common divisor of p and x.
38
Let r be 1*(0 - -1)*2. Suppose -3*l = 3*u - 594, -4*l = -3 - 1. Suppose 4*y = -157 + u. What is the greatest common factor of r and y?
2
Suppose -f + 358 = 172. Let s = f + -178. Calculate the greatest common divisor of s and 200.
8
Suppose -214 = -5*b - 134. Let w be 2/(8/28) + 0. Let d = 23 - w. Calculate the highest common divisor of b and d.
16
Let v be (-45 - 1)*14/(-4). Suppose v + 17 = 4*t - 2*y, t + y = 43. Suppose -340*w - 682 = -402*w. Calculate the highest common divisor of w and t.
11
Let v(f) = 41*f + 81 + 39*f - 85*f. Let y be v(0). What is the greatest common factor of 567 and y?
81
Suppose 5*a + 8*h = 3*h + 225, -2*h = 4*a - 174. Suppose -388*i - 63 = -390*i - 5*c, -3*c = -5*i + 49. Calculate the greatest common divisor of i and a.
14
Let w(z) = -13*z + 381. Suppose -3*f = -12*f + 198. Let o be w(f). What is the highest common divisor of o and 19?
19
Let r be (-4)/(-12)*(-18)/(-2). Suppose -3 = -r*n + 15. Let y be (-27 - (-9720)/351)*39. Calculate the highest common factor of y and n.
3
Suppose 2*b = -5*j + 847, -4*b + j + 1473 = -166. Suppose 373 + b = 28*u. Calculate the highest common factor of u and 532.
28
Let p = 17821 + -6457. Calculate the highest common factor of p and 12.
12
Let l be (-8 + 7)*2 - -5. Suppose 4*p - 4*g = 88, 5*p - 88 = l*g + 14. Calculate the highest common divisor of 360 and p.
18
Let j be 859 - 4/(-3)*(-6)/4. Suppose -5*n = 2*g - j, -5*n + 3*n + 343 = g. Let d be 0 + 3 + -3 - -19. Calculate the greatest common factor of d and n.
19
Let q = 625 + -587. What is the highest common factor of 1406 and q?
38
Let w = 11696 + -11664. Calculate the greatest common factor of 11744 and w.
32
Let d = 111 - 292. Let o = d + 357. Let v(b) = 7*b**2 - 266*b + 526. Let a be v(2). Calculate the highest common factor of a and o.
22
Let h be ((-18)/54)/(-1*1/(-3)). Let g(b) = -7*b**2 - 6*b - 5. Let a be g(h). Let d be 5*a*8/18*-3. What is the highest common factor of 10 and d?
10
Suppose 4*p - 9*p = 4*q - 125, 4*p - 4 = 0. Suppose 4*y - q = -6. Let k be 4/y - (-1190)/42. What is the highest common divisor of k and 29?
29
Let u = 78 + 175. Let t(f) = 32*f**2 + 7*f + 30. Let d be t(-1). Calculate the greatest common factor of u and d.
11
Let i be (-215414)/(-533) - ((-20)/65)/(-2). What is the highest common factor of i and 101?
101
Let c be (-256)/6 - (-9)/((-81)/(-6)). Let n be 96/21 + (-2)/(c/9). Suppose -56 = n*a - 9*a. What is the highest common divisor of a and 42?
14
Let h(x) = -3*x + 15. Let v be h(10). Let n be (-220)/v + (-3)/(-9). Suppose -n*k + k = -224. What is the greatest common divisor of k and 1?
1
Suppose 0 = 235*z - 6*z + 14*z - 1610361. Calculate the greatest common divisor of z and 141.
141
Suppose -5*h = 33*h - 0*h - 189810. Calculate the highest common factor of 135 and h.
135
Suppose 0 = -2*z - 6, 2*w + z = -3*w + 37. What is the highest common divisor of w and 412?
4
Let h(c) = 2*c**2 - 22*c - 24. Let r be h(-2). What is the highest common factor of 12418 and r?
14
Suppose 0 = 5*o + 5*o - 30. Suppose 4*w = 4*j - 4024, 11*j - 8*j = -o*w + 3012. What is the greatest common factor of 15 and j?
15
Let a(m) = m**2 - 19*m + 5. Let p be a(19). Suppose -67 = -p*d + 2*f + 96, -2*d - f = -67. Calculate the greatest common factor of 363 and d.
33
Let t = -12062 + 20156. What is the greatest common factor of t and 114?
114
Let h = 717 - 639. Calculate the greatest common factor of h and 1508.
26
Suppose -3*u - 4 = -14*r + 18*r, 20 = 4*u - r. Suppose -3*o - 15 = 0, f + 200 = 5*f + u*o. Calculate the highest common divisor of 25 and f.
5
Suppose 5*f - 6257 = -b, 3*b + 133*f - 129*f - 18727 = 0. Calculate the highest common divisor of 252 and b.
63
Let c(s) = 67*s**2 - 26*s - 25. Let v be c(-1). What is the greatest common divisor of v and 31076?
68
Let x be 22*((-310)/(-20) + -11). What is the greatest common divisor of 531 and x?
9
Suppose 2*a + 5*n = 2135 - 606, 2*a = 2*n + 1550. What is the highest common divisor of 8 and a?
4
Suppose -5*s + 304 = -4*s. Suppose -158 = -r - r + m, s = 4*r + m. Suppose 1265 = -53*i + 168*i. What is the greatest common divisor of r and i?
11
Let w be (-13 - (-1500)/50) + (-1 - -292). Let c be 0 - 2*(-15 - -1). What is the highest common factor of w and c?
28
Let z(r) = 86*r + 738. Let l be z(-8). Calculate the greatest common divisor of l and 2.
2
Let m = 66066 - 66038. Let u be (-11)/(-3) + 2/6. Let o(t) = 4*t**3 + t**2 - 6*t + 4. Let a be o(u). Calculate the highest common divisor of a and m.
28
Suppose d + 133 + 1082 = 3*f, -4*f + 1639 = 5*d. Let s = -222 + f. Let b be (6/8)/((3105/(-4232))/(-45)). Calculate the highest common divisor of b and s.
46
Suppose -5*a + 125 = 3*j + j, 4*a = j + 121. Suppose -2*z - n = -107, -31*z + a*z = -4*n - 132. Calculate the highest common factor of 24 and z.
8
Let y(f) = 13*f - 126. Let u be y(10). Let z be 5*12 - (u - -1 - 3). What is the highest common divisor of z and 232?
58
Let u be (-6)/((-20)/(-24)*2/(-10)). What is the greatest common factor of 4248 and u?
36
Suppose 24*a = -239*a + 6049. What is the highest common divisor of a and 6049?
23
Let o(d) = -d**3 - 12*d**2 + 2*d + 785. Let r be o(0). What is the greatest common factor of r and 942?
157
Let v be (-66)/11 + (-380)/(-65) - (-120440)/52. What is the greatest common divisor of 24 and v?
12
Let z(a) = 8*a**2 + 5*a - 4. Let v be z(-6). Suppose -2*t - v = -6*t + 5*g, -2*g - 4 = 0. Suppose 4*r = 77 - t. What is the highest common factor of r and 32?
4
Let w be 57*74/4*(12 - 10). Calculate the greatest common divisor of 333 and w.
111
Suppose -86*p + 234 = -84*p. Suppose p*c + 132 = 128*c. Calculate the greatest common factor of c and 336.
12
Suppose -5*j - 802 = 5*h - 7*j, 0 = 4*h + 4*j + 664. Let k = h - -282. What is the greatest common factor of k and 72?
24
Let r be ((-168)/2184)/((-3)/1170). Suppose 72 = 4*z - 0*z. What is 